{"id":10,"date":"2025-02-12T10:32:26","date_gmt":"2025-02-12T09:32:26","guid":{"rendered":"https:\/\/status.ruv-bkk.de\/?page_id=10"},"modified":"2025-07-14T11:58:19","modified_gmt":"2025-07-14T09:58:19","slug":"zertifikate-fuer-e-mail-mail-verschluesselung","status":"publish","type":"page","link":"https:\/\/status.ruv-bkk.de\/?page_id=10","title":{"rendered":"Zertifikate f\u00fcr E-Mail \/ Mail Verschl\u00fcsselung"},"content":{"rendered":"\n<p>Auf dieser Seite finden Sie die \u00f6ffentlichen Schl\u00fcssel um eine E-Mail Verschl\u00fcsselung basierend auf S\/MIME oder PGP mit uns einzurichten.<\/p>\n\n\n\n<p>Wenn Sie uns signierte E-Mails senden, werden die Antworten in der Regel automatisch verschl\u00fcsselt gesendet. N\u00e4heres finden Sie in der unten angef\u00fcgten Kurzanleitung.<\/p>\n\n\n\n<figure class=\"wp-block-table\"><table class=\"has-fixed-layout\"><thead><tr><th>Typ<\/th><th>Adressen \/ Domains<\/th><th>Bemerkung<\/th><th>Zertifikat<\/th><th>Fingerprint<\/th><th>Ablaufdatum<\/th><\/tr><\/thead><tbody><tr><td>S\/MIME<\/td><td>*@ruv-bkk.de<\/td><td>Wildcard \/ Domainkey<\/td><td><a href=\"https:\/\/status.ruv-bkk.de\/wp-content\/uploads\/2025\/07\/5-SMIME_info@ruv-bkk.de-Mailgateway.cer\">5-SMIME_info@ruv-bkk.de-Mailgateway<\/a><\/td><td>26e76c76dd89a6bedb428c3006f72d3a647154e4<\/td><td>15.07.2027<\/td><\/tr><tr><td>S\/MIME<\/td><td>*@kh-ref.de<\/td><td>Wildcard \/ Domainkey<\/td><td><a href=\"https:\/\/status.ruv-bkk.de\/wp-content\/uploads\/2025\/07\/5b-SMIME_info@kh-ref.de-Mailgateway-1.cer\">5b-SMIME_info@kh-ref.de-Mailgateway<\/a><\/td><td>fba66092fc6f394ca31b6e95d7cf78b8cb4c765f<\/td><td>15.07.2027<\/td><\/tr><tr><td>PGP<\/td><td>*@ruv-bkk.de<\/td><td>Wildcard \/ Domainkey<\/td><td><a href=\"https:\/\/status.ruv-bkk.de\/wp-content\/uploads\/2025\/07\/5-PGP_info@ruv-bkk.de-Mailgateway.pgp\">5-PGP_info@ruv-bkk.de-Mailgateway<\/a><\/td><td>274833997DB6A69E4473277558D1E53FB66EDE16<\/td><td>14.07.2028 11:49:18<\/td><\/tr><tr><td>PGP<\/td><td>*@kh-ref.de<\/td><td>Wildcard \/ Domainkey<\/td><td><a href=\"https:\/\/status.ruv-bkk.de\/wp-content\/uploads\/2025\/02\/5b-PGP_info@kh-ref.de-Mailgateway-2024.pgp\" data-type=\"attachment\" data-id=\"14\">5b-PGP_info@kh-ref.de-Mailgateway-2024<\/a><\/td><td>3177D35083A3432DE831513D3C439FD35CF84100<\/td><td>08.10.2027 17:11:00<\/td><\/tr><tr><td>TLS<\/td><td>mail-1.ruv-bkk.de<br>mail-2.ruv-bkk.de<\/td><td>Transportverschl\u00fcsselung<\/td><td><a href=\"https:\/\/status.ruv-bkk.de\/wp-content\/uploads\/2025\/07\/gogetssl2025_rsa_ruvbkk.crt\">STAR_ruv-bkk.de<\/a><\/td><td>7cbd7763aba586d2e2bab875b2f618f39742a300<\/td><td>02.04.2026<\/td><\/tr><tr><td>TLS<\/td><td>mail.kh-ref.de<\/td><td>Transportverschl\u00fcsselung<\/td><td><a href=\"https:\/\/status.ruv-bkk.de\/wp-content\/uploads\/2025\/07\/gogetssl2025_khref.crt\">STAR_kh-ref.de<\/a><\/td><td>9f0c8f7ebd54f72f0400fee97d5d48be1e25ecf9<\/td><td>14.04.2026<\/td><\/tr><\/tbody><\/table><\/figure>\n\n\n\n<h2 class=\"wp-block-heading\" id=\"Zertifikatef\u00fcrEMail\/MailVerschl\u00fcsselung-Verfahrensbeschreibung\">Verfahrensbeschreibung<\/h2>\n\n\n\n<div data-wp-interactive=\"core\/file\" class=\"wp-block-file\"><object data-wp-bind--hidden=\"!state.hasPdfPreview\" hidden class=\"wp-block-file__embed\" data=\"https:\/\/status.ruv-bkk.de\/wp-content\/uploads\/2025\/02\/Mail-Verschluesselung.pdf\" type=\"application\/pdf\" style=\"width:100%;height:600px\" aria-label=\"Einbettung von Mail-Verschluesselung.\"><\/object><a id=\"wp-block-file--media-2d385034-d39d-4a72-8b69-5e7f78ded65c\" href=\"https:\/\/status.ruv-bkk.de\/wp-content\/uploads\/2025\/02\/Mail-Verschluesselung.pdf\">Mail-Verschluesselung<\/a><a href=\"https:\/\/status.ruv-bkk.de\/wp-content\/uploads\/2025\/02\/Mail-Verschluesselung.pdf\" class=\"wp-block-file__button wp-element-button\" download aria-describedby=\"wp-block-file--media-2d385034-d39d-4a72-8b69-5e7f78ded65c\">Herunterladen<\/a><\/div>\n\n\n\n<p><a href=\"https:\/\/status.ruv-bkk.de:8443\/download\/attachments\/1638573\/Mail-Verschluesselung.pdf?version=1&amp;modificationDate=1612170837687&amp;api=v2\"><\/a><\/p>\n\n\n\n<h2 class=\"wp-block-heading\" id=\"Zertifikatef\u00fcrEMail\/MailVerschl\u00fcsselung-M\u00f6glicheFehlerquellenf\u00fcrabgewieseneE-Mails\">M\u00f6gliche Fehlerquellen f\u00fcr abgewiesene E-Mails<\/h2>\n\n\n\n<ol class=\"wp-block-list\">\n<li>Der Mailserver Ihres E-Mail Anbieters steht aktuell auf einer so Spam-Blacklist.\n<ol class=\"wp-block-list\">\n<li>Es handelt sich in der Regel nur ein tempor\u00e4res Problem.&nbsp;<\/li>\n\n\n\n<li>Bitte versuchen Sie Ihre Nachricht nach einiger Wartezeit erneut zu senden.<\/li>\n<\/ol>\n<\/li>\n\n\n\n<li>Ihre Nachricht konnte nicht entschl\u00fcsselt werden.\n<ol class=\"wp-block-list\">\n<li>Evtl. verschl\u00fcsseln Sie Ihre Nachrichten an uns mit einem \u00e4lteren, nicht mehr g\u00fcltigen Schl\u00fcssel\/Zertifikat.&nbsp;<\/li>\n\n\n\n<li>Bitte lesen Sie hierzu die hier angeh\u00e4ngte Verfahrensbeschreibung und kontrollieren Sie die Zertifikate oder Schl\u00fcssel, die Sie verwenden. Unsere aktuellen Schl\u00fcssel und Zertifikate stehen hier auf dieser Seite zum Download bereit.<\/li>\n<\/ol>\n<\/li>\n\n\n\n<li>Sie versuchen uns eine passwortgesch\u00fctzte Datei zu senden.\n<ol class=\"wp-block-list\">\n<li>Aktuell k\u00f6nnen wir leider aus Sicherheitsgr\u00fcnden keinerlei verschl\u00fcsselte oder passwortgesch\u00fctzten Dateien annehmen.<\/li>\n\n\n\n<li>Sie k\u00f6nnen gerne auf einen zus\u00e4tzlichen Schutz von Dateianh\u00e4ngen verzichten, sofern Sie eine der unten genannten Methoden zur Mail\u00fcbertragung verwenden.<br>Wird bereits Ihre Nachricht verschl\u00fcsselt, ist auch der Anhang verschl\u00fcsselt und kann nur vom passenden Empf\u00e4nger der Nachricht eingesehen werden.<\/li>\n<\/ol>\n<\/li>\n\n\n\n<li>Sie versuchen uns Dateien zu senden, die unseren Sicherheitsrichtlinien widersprechen.\n<ol class=\"wp-block-list\">\n<li>Hierzu z\u00e4hlen unter anderem:\n<ol class=\"wp-block-list\">\n<li>Jegliche Art von Schadcode oder Viren<\/li>\n\n\n\n<li>Ausf\u00fchrbare Dateien<\/li>\n\n\n\n<li>Dateien mit ausf\u00fchrbarem Inhalt, wie z.B. Office Dokumente mit aktivierten Makros<\/li>\n<\/ol>\n<\/li>\n<\/ol>\n<\/li>\n\n\n\n<li>In Ihrer Nachricht befinden sich Links auf unerw\u00fcnschte Webseiten oder Dateien.\n<ol class=\"wp-block-list\">\n<li>Hierzu z\u00e4hlen unter anderem:\n<ol class=\"wp-block-list\">\n<li>Cloudspeicher<\/li>\n\n\n\n<li>Bekannte Spam-Dienste oder bekannte Phishing Webseiten<\/li>\n\n\n\n<li>Links auf Dateien die nicht unseren Sicherheitsrichtlinien entsprechen<\/li>\n<\/ol>\n<\/li>\n<\/ol>\n<\/li>\n<\/ol>\n\n\n\n<p><\/p>\n","protected":false},"excerpt":{"rendered":"<p>Auf dieser Seite finden Sie die \u00f6ffentlichen Schl\u00fcssel um eine E-Mail Verschl\u00fcsselung basierend auf S\/MIME oder PGP mit uns einzurichten. Wenn Sie uns signierte E-Mails senden, werden die Antworten in der Regel automatisch verschl\u00fcsselt gesendet. N\u00e4heres finden Sie in der unten angef\u00fcgten Kurzanleitung. Typ Adressen \/ Domains Bemerkung Zertifikat Fingerprint Ablaufdatum S\/MIME *@ruv-bkk.de Wildcard \/ &#8230; <a title=\"Zertifikate f\u00fcr E-Mail \/ Mail Verschl\u00fcsselung\" class=\"read-more\" href=\"https:\/\/status.ruv-bkk.de\/?page_id=10\" aria-label=\"Mehr Informationen \u00fcber Zertifikate f\u00fcr E-Mail \/ Mail Verschl\u00fcsselung\">Weiterlesen<\/a><\/p>\n","protected":false},"author":1,"featured_media":0,"parent":0,"menu_order":0,"comment_status":"closed","ping_status":"closed","template":"","meta":{"footnotes":""},"class_list":["post-10","page","type-page","status-publish"],"_links":{"self":[{"href":"https:\/\/status.ruv-bkk.de\/index.php?rest_route=\/wp\/v2\/pages\/10","targetHints":{"allow":["GET"]}}],"collection":[{"href":"https:\/\/status.ruv-bkk.de\/index.php?rest_route=\/wp\/v2\/pages"}],"about":[{"href":"https:\/\/status.ruv-bkk.de\/index.php?rest_route=\/wp\/v2\/types\/page"}],"author":[{"embeddable":true,"href":"https:\/\/status.ruv-bkk.de\/index.php?rest_route=\/wp\/v2\/users\/1"}],"replies":[{"embeddable":true,"href":"https:\/\/status.ruv-bkk.de\/index.php?rest_route=%2Fwp%2Fv2%2Fcomments&post=10"}],"version-history":[{"count":3,"href":"https:\/\/status.ruv-bkk.de\/index.php?rest_route=\/wp\/v2\/pages\/10\/revisions"}],"predecessor-version":[{"id":66,"href":"https:\/\/status.ruv-bkk.de\/index.php?rest_route=\/wp\/v2\/pages\/10\/revisions\/66"}],"wp:attachment":[{"href":"https:\/\/status.ruv-bkk.de\/index.php?rest_route=%2Fwp%2Fv2%2Fmedia&parent=10"}],"curies":[{"name":"wp","href":"https:\/\/api.w.org\/{rel}","templated":true}]}}