{"id":19,"date":"2025-02-12T10:35:37","date_gmt":"2025-02-12T09:35:37","guid":{"rendered":"https:\/\/status.ruv-bkk.de\/?page_id=19"},"modified":"2025-02-12T10:35:38","modified_gmt":"2025-02-12T09:35:38","slug":"erste-schritte-in-share-bkk-ruv-de-nextcloud","status":"publish","type":"page","link":"https:\/\/status.ruv-bkk.de\/?page_id=19","title":{"rendered":"Erste Schritte in share.bkk-ruv.de (Nextcloud)"},"content":{"rendered":"\n<p><br>Die Filesharing-Plattform&nbsp;<em>Nextcloud<\/em>&nbsp;erm\u00f6glicht einen&nbsp;sicheren Datenaustausch gepaart mit einer&nbsp;leicht bedienbaren Nutzeroberfl\u00e4che.<\/p>\n\n\n\n<p>Die Anwendung wird \u00fcber die Adresse&nbsp;<a href=\"https:\/\/share.bkk-ruv.de\/\">https:\/\/share.bkk-ruv.de<\/a>&nbsp;aufgerufen.<\/p>\n\n\n\n<h1 class=\"wp-block-heading\" id=\"ErsteSchritteinshare.bkkruv.de(Nextcloud)-ErsteSchritte\">Erste Schritte<\/h1>\n\n\n\n<p>Unmittelbar nachdem wir f\u00fcr Sie eine Kennung angelegt haben, erhalten Sie eine Email von uns. Darin informieren wir Sie \u00fcber Ihren k\u00fcnftigen Benutzernamen, mit dem Sie sich an dem Server zum Datenaustausch anmelden k\u00f6nnen. Nach Erhalt der Email erstellen Sie bitte zeitnah ein sicheres Kennwort, mit dem Sie k\u00fcnftig arbeiten werden. Benutzen Sie hierf\u00fcr den Link&nbsp;<em>&#8222;Setze Dein Kennwort&#8220;<\/em>.<\/p>\n\n\n\n<p>Das Kennwort muss mindestens 12 Stellen besitzen.<\/p>\n\n\n\n<p>Es ist nicht erforderlich, den verlinkten Client zu installieren. Sie k\u00f6nnen die Plattform auch \u00fcber jeden g\u00e4ngigen Webbrowser aufrufen und Daten mit der R+V Betriebskrankenkasse austauschen. Wenn Sie sich unsicher sind, welche Variante f\u00fcr Sie die Richtige ist, empfehlen wir zun\u00e4chst ohne Client-Installation fortzufahren.<\/p>\n\n\n\n<figure class=\"wp-block-image\"><img decoding=\"async\" src=\"https:\/\/status.ruv-bkk.de:8443\/download\/attachments\/1638521\/Bildschirmfoto%202018-12-10%20um%2012.40.03.png?version=1&amp;modificationDate=1599049128719&amp;api=v2&amp;effects=drop-shadow\" alt=\"\"\/><\/figure>\n\n\n\n<h2 class=\"wp-block-heading\" id=\"ErsteSchritteinshare.bkkruv.de(Nextcloud)-Passworterstellen\">Passwort erstellen<\/h2>\n\n\n\n<p>Nachdem Sie auf&nbsp;<em>&#8222;Setze Dein Kennwort&#8220;<\/em>&nbsp;geklickt haben, werden Sie zu einer Webseite geleitet, auf der Sie Ihr Passwort definieren k\u00f6nnen. Sollte das Kennwort nicht den Sicherheitskriterien entsprechen, wird Ihnen das angezeigt und Sie k\u00f6nnen Ihre Eingabe anpassen. Schlie\u00dfen Sie die Eingabe Ihres Kennwortes mit&nbsp;<em>&#8222;ENTER&#8220;<\/em>&nbsp;oder&nbsp;<em>&#8222;Passwort zur\u00fccksetzen&#8220;<\/em>&nbsp;ab.<\/p>\n\n\n\n<figure class=\"wp-block-image\"><img decoding=\"async\" src=\"https:\/\/status.ruv-bkk.de:8443\/download\/attachments\/1638521\/Bildschirmfoto%202018-12-10%20um%2012.40.46.png?version=1&amp;modificationDate=1599049128919&amp;api=v2&amp;effects=drop-shadow\" alt=\"\"\/><\/figure>\n\n\n\n<p>Bitte geben Sie Ihre Logindaten nicht an Dritte weiter. Sollten noch weitere Personen eine Kennung zum Datenaustausch ben\u00f6tigen, so wenden Sie sich bitte an Ihren Ansprechpartner in der R+V Betriebskrankenkasse.<\/p>\n\n\n\n<h2 class=\"wp-block-heading\" id=\"ErsteSchritteinshare.bkkruv.de(Nextcloud)-DieersteAnmeldung\">Die erste Anmeldung<\/h2>\n\n\n\n<p>Wenn Sie Ihr Kennwort erfolgreich definieren konnten (wie oben beschrieben), werden Sie zur Loginseite weitergeleitet. Bitte geben Sie hier Ihren Benutzernamen aus der Email und das neue Kennwort ein.<\/p>\n\n\n\n<figure class=\"wp-block-image\"><img decoding=\"async\" src=\"https:\/\/status.ruv-bkk.de:8443\/download\/attachments\/1638521\/image2018-12-10_12-27-42.png?version=1&amp;modificationDate=1599049130892&amp;api=v2&amp;effects=drop-shadow\" alt=\"\"\/><\/figure>\n\n\n\n<p>Bei Ihrer ersten Anmeldung nimmt Sie ein Assistent in Empfang, der allgemeine Informationen bereit h\u00e4lt. Klicken Sie auf&nbsp;<em>&#8222;Next&#8220;<\/em>&nbsp;oder brechen Sie den Assistenten mit der Schaltfl\u00e4che X ab.<\/p>\n\n\n\n<figure class=\"wp-block-image\"><img decoding=\"async\" src=\"https:\/\/status.ruv-bkk.de:8443\/download\/attachments\/1638521\/image2018-12-10_12-28-0.png?version=1&amp;modificationDate=1599049131838&amp;api=v2&amp;effects=drop-shadow\" alt=\"\"\/><\/figure>\n\n\n\n<p>Nach dem Assistenten sehen Sie den Bereich<em>&nbsp;&#8222;Alle Dateien&#8220;<\/em>. Diese Seite wird nach jedem erfolgreichen Login automatisch angezeigt&nbsp;und erlaubt das Hinzuf\u00fcgen, L\u00f6schen und Teilen Ihrer Dateien. Sollte bereits ein oder mehrere Ordner mit Ihnen geteilt worden sein, so werden diese hier angezeigt. Bei unten stehenden Screenshot ist das Verzeichnis&nbsp;<em>&#8222;Gesundheitsworkshop&#8220;<\/em>&nbsp;f\u00fcr Sie bereits freigegeben. Je nach Berechtigungen ist es Ihnen m\u00f6glich, auf Inhalte des Ordners entweder nur lesend zuzugreifen oder auch neue Inhalte hinzuzuf\u00fcgen.<\/p>\n\n\n\n<figure class=\"wp-block-image\"><img decoding=\"async\" src=\"https:\/\/status.ruv-bkk.de:8443\/download\/attachments\/1638521\/image2018-12-11_8-9-21.png?version=1&amp;modificationDate=1599049131983&amp;api=v2&amp;effects=drop-shadow\" alt=\"\"\/><\/figure>\n\n\n\n<h2 class=\"wp-block-heading\" id=\"ErsteSchritteinshare.bkkruv.de(Nextcloud)-WichtigeEinstellungenvornehmen\">Wichtige Einstellungen vornehmen<\/h2>\n\n\n\n<p>Bitte klicken Sie rechts oben auf Ihr Profilbild \/ Avatar und w\u00e4hlen Sie&nbsp;<em>&#8222;Einstellungen&#8220;<\/em>&nbsp;aus.<\/p>\n\n\n\n<figure class=\"wp-block-image\"><img decoding=\"async\" src=\"https:\/\/status.ruv-bkk.de:8443\/download\/attachments\/1638521\/image2018-12-11_8-20-18.png?version=1&amp;modificationDate=1599049132322&amp;api=v2&amp;effects=drop-shadow\" alt=\"\"\/><\/figure>\n\n\n\n<p>Sie befinden sich nun im Bereich&nbsp;<em>&#8222;Pers\u00f6nliche Informationen&#8220;<\/em>. Hier k\u00f6nnen Sie beispielsweise Ihren Anzeigenamen oder Ihre Email-Adresse \u00e4ndern. Dies kann u. U. bei einer Namens\u00e4nderung n\u00f6tig werden.&nbsp;<\/p>\n\n\n\n<p>Ihren Anmeldenamen k\u00f6nnen Sie nicht selbstst\u00e4ndig \u00e4ndern. Bitte melden Sie sich hierf\u00fcr bei der R+V Betriebskrankenkasse&nbsp;(siehe Ansprechpartner und Supportkontakt), damit wir diese \u00c4nderung f\u00fcr Sie vornehmen k\u00f6nnen.<\/p>\n\n\n\n<p>Wir weisen ausdr\u00fccklich darauf hin, dass KEINE privaten Email-Adressen verwendet werden d\u00fcrfen. Bitte tragen Sie hier ausschlie\u00dflich Ihre Firmen-Email-Adresse ein.<\/p>\n\n\n\n<figure class=\"wp-block-image\"><img decoding=\"async\" src=\"https:\/\/status.ruv-bkk.de:8443\/download\/attachments\/1638521\/image2018-12-11_8-38-53.png?version=1&amp;modificationDate=1599049133094&amp;api=v2&amp;effects=drop-shadow\" alt=\"\"\/><\/figure>\n\n\n\n<p>Bitte \u00fcberpr\u00fcfen Sie das eingestellte&nbsp;<em>&#8222;Gebietsschema&#8220;<\/em>&nbsp;und stellen Sie es bei Bedarf auf&nbsp;<em>&#8222;German (Germany)&#8220;, a<\/em>ndernfalls k\u00f6nnen Zeit und Datumsangaben wegen einer anderen Zeitzone abweichen.<\/p>\n\n\n\n<figure class=\"wp-block-image\"><img decoding=\"async\" src=\"https:\/\/status.ruv-bkk.de:8443\/download\/attachments\/1638521\/image2018-12-11_8-21-56.png?version=1&amp;modificationDate=1599049132751&amp;api=v2&amp;effects=drop-shadow\" alt=\"\"\/><\/figure>\n\n\n\n<p>Wechseln Sie nun in den Bereich&nbsp;<em>&#8222;Aktivit\u00e4t&#8220;.<\/em>&nbsp;Sie finden den Eintrag links in der Seitenleiste. Hier k\u00f6nnen Sie individuell einstellen, wie Sie \u00fcber \u00c4nderungen informiert werden m\u00f6chten und welche Aktionen protokolliert werden sollen. In der Spalte&nbsp;<em>&#8222;Stream&#8220;<\/em>&nbsp;k\u00f6nnen Sie steuern, welche Ereignisse \u00fcber die Weboberfl\u00e4che angezeigt werden sollen. Wie das genau funktioniert, wird weiter unten erkl\u00e4rt. Zus\u00e4tzlich k\u00f6nnen Sie auch noch per Email auf dem Laufenden gehalten werden.<\/p>\n\n\n\n<p>Wir empfehlen in der Spalte&nbsp;<em>&#8222;Stream&#8220;<\/em>&nbsp;die Voreinstellungen (wie hier abgebildet) beizubehalten.<\/p>\n\n\n\n<p>Je nach Bedarf sollten Sie sich Aktivit\u00e4ten auch per Email zuschicken lassen. So werden Sie zeitnah informiert, wenn neue Daten f\u00fcr Sie hochgeladen wurden.<\/p>\n\n\n\n<figure class=\"wp-block-image\"><img decoding=\"async\" src=\"https:\/\/status.ruv-bkk.de:8443\/download\/attachments\/1638521\/image2018-12-11_8-23-0.png?version=1&amp;modificationDate=1599049132975&amp;api=v2&amp;effects=drop-shadow\" alt=\"\"\/><\/figure>\n\n\n\n<p>Falls Sie nicht \u00fcber eigene Aktivit\u00e4ten informiert werden m\u00f6chten, k\u00f6nnen Sie das hier deaktivieren. Au\u00dferdem k\u00f6nnen Sie entscheiden, wie oft Emails an Sie verschickt werden. W\u00e4hlen Sie hier am Besten\u00a0<em>&#8222;St\u00fcndlich&#8220;<\/em>\u00a0oder\u00a0<em>&#8222;T\u00e4glich&#8220;.<\/em><\/p>\n\n\n\n<p>Keine Sorge, auch wenn Sie&nbsp;<em>&#8222;Sende E-Mails&#8220;<\/em>&nbsp;auf st\u00fcndlich stellen, brauchen Sie nicht mit einer Mailflut zu rechnen. Es werden selbstverst\u00e4ndlich nur Emails verschickt, wenn tats\u00e4chlich ein Ereignis vorlag.<\/p>\n\n\n\n<figure class=\"wp-block-image\"><img decoding=\"async\" src=\"https:\/\/status.ruv-bkk.de:8443\/download\/attachments\/1638521\/image2018-12-11_10-33-16.png?version=1&amp;modificationDate=1599049133368&amp;api=v2&amp;effects=drop-shadow\" alt=\"\"\/><\/figure>\n\n\n\n<p>Die Grundeinstellungen sind nun abgeschlossen.<\/p>\n\n\n\n<h2 class=\"wp-block-heading\" id=\"ErsteSchritteinshare.bkkruv.de(Nextcloud)-Navigation\">Navigation<\/h2>\n\n\n\n<p>In der Kopfzeile finden Sie mehrere Symbole, mit denen Sie zu verschiedenen Bereichen navigieren k\u00f6nnen.<\/p>\n\n\n\n<figure class=\"wp-block-image\"><img decoding=\"async\" src=\"https:\/\/status.ruv-bkk.de:8443\/download\/attachments\/1638521\/image2018-12-11_8-21-18.png?version=1&amp;modificationDate=1599049132431&amp;api=v2&amp;effects=drop-shadow\" alt=\"\"\/><\/figure>\n\n\n\n<ol class=\"wp-block-list\">\n<li><em>&#8222;Dateien&#8220;<\/em>\u00a0&#8211; Dies ist der Dreh- und Angelpunkt, wenn es um den Austausch von Dateien geht.<\/li>\n\n\n\n<li><em>&#8222;Aktivit\u00e4t&#8220;<\/em>\u00a0&#8211; Welche Dateien wurden hochgeladen? Welche Ordner wurden mit Ihnen geteilt? Hier finden Sie alle Aktivit\u00e4ten in chronologischer Reihenfolge.<\/li>\n\n\n\n<li><em>&#8222;Kontakte&#8220;<\/em>\u00a0&#8211; Die Nutzung dieses Bereichs ist optional und wird nur von einzelnen Anwendern ben\u00f6tigt. Daher gehen wir in diesem Dokument auf die Bedienung nicht weiter ein.<\/li>\n\n\n\n<li><em>&#8222;Kalender&#8220;<\/em>\u00a0&#8211; Hier gilt das Gleiche, was bereits bei &#8222;Kontakte&#8220; beschrieben wurde. Die Nutzung ist optional.<\/li>\n\n\n\n<li><em>&#8222;Ank\u00fcndigungen&#8220;<\/em>\u00a0&#8211; Hier informieren wir \u00fcber anstehende Wartungsarbeiten oder Ver\u00e4nderungen.<\/li>\n<\/ol>\n\n\n\n<p>Wir stellen nun einzelne Bereiche im Detail vor.<\/p>\n\n\n\n<h1 class=\"wp-block-heading\" id=\"ErsteSchritteinshare.bkkruv.de(Nextcloud)-DerBereich&quot;Dateien&quot;imDetail\">Der Bereich&nbsp;<em>&#8222;Dateien&#8220;<\/em>&nbsp;im Detail<\/h1>\n\n\n\n<p>Dieser Bereich dient dazu, Daten zwischen der R+V Betriebskrankenkasse und Ihnen auszutauschen. Da wir den Datenaustausch f\u00fcr Sie so einfach wie m\u00f6glich halten m\u00f6chten, wird von der EDV stehts ein Verzeichnis vorkonfiguriert und f\u00fcr Sie freigegeben. In dieser Anleitung ist das der Ordner&nbsp;<em>&#8222;Gesundheitsworkshop&#8220;<\/em>.&nbsp; Dadurch lassen sich die f\u00fcr Sie notwendigen Aktionen auf ein Minimum reduzieren. Je nach Anwendungsfall ist das entweder der Download oder der Upload von Daten. In seltenen F\u00e4llen auch mal das Anlegen von neuen Ordner innerhalb einer Freigabe, wenn dies zur Strukturierung beitr\u00e4gt. Wie diese Arbeiten im Detail durchzuf\u00fchren sind, erfahren Sie im Laufe dieses Dokuments.<\/p>\n\n\n\n<figure class=\"wp-block-image\"><img decoding=\"async\" src=\"https:\/\/status.ruv-bkk.de:8443\/download\/attachments\/1638521\/image2018-12-11_14-16-53.png?version=1&amp;modificationDate=1599049133498&amp;api=v2&amp;effects=drop-shadow\" alt=\"\"\/><\/figure>\n\n\n\n<h2 class=\"wp-block-heading\" id=\"ErsteSchritteinshare.bkkruv.de(Nextcloud)-DasHauptfenster\">Das Hauptfenster<\/h2>\n\n\n\n<p>Im Hauptfenster des Bereiches Dateien sehen Sie eine Liste mit bereits erstellen Ordnern und Dateien. Jede Zeile enth\u00e4lt zahlreiche Informationen.<\/p>\n\n\n\n<figure class=\"wp-block-image\"><img decoding=\"async\" src=\"https:\/\/status.ruv-bkk.de:8443\/download\/attachments\/1638521\/image2018-12-12_7-38-24.png?version=1&amp;modificationDate=1599049133798&amp;api=v2&amp;effects=drop-shadow\" alt=\"\"\/><\/figure>\n\n\n\n<ol class=\"wp-block-list\">\n<li>Markieren Sie hier die Dateien und Ordner, mit denen Sie eine Aktion durchf\u00fchren m\u00f6chten. Eine Aktion k\u00f6nnte das Herunterladen oder L\u00f6schen der markierten Daten sein. Klicken Sie nach dem Markieren in der Kopfzeile auf\u00a0<em>&#8222;Aktionen&#8220;\u00a0<\/em>und treffen Sie Ihre Entscheidung.<br><img decoding=\"async\" src=\"https:\/\/status.ruv-bkk.de:8443\/download\/attachments\/1638521\/image2018-12-12_7-44-36.png?version=1&amp;modificationDate=1599049134105&amp;api=v2&amp;effects=drop-shadow\" alt=\"\"><\/li>\n\n\n\n<li>Am Symbol ist erkennbar, ob es sich um einen Ordner oder eine Datei handelt. Au\u00dferdem lassen sich verschiedene Dateitypen unterscheiden, so dass mit einem Blick zu erkennen ist, ob es sich beispielsweise um ein PDF, eine Textdatei oder ein Bild handelt. Wenn Sie einmal auf das Symbol klicken, wird rechts eine Informationsleiste eingeblendet.<img decoding=\"async\" src=\"https:\/\/status.ruv-bkk.de:8443\/download\/attachments\/1638521\/image2018-12-11_14-17-50.png?version=1&amp;modificationDate=1599049133608&amp;api=v2&amp;effects=drop-shadow\" alt=\"\"><\/li>\n\n\n\n<li>Spalte drei enth\u00e4lt die Namen der Verzeichnisse und Dateien. Je nach Datentyp hat ein Klick auf den Namen unterschiedliche Auswirkungen. Bei einem Ordner wechseln Sie in dieses Verzeichnis, um dessen Inhalt anzuzeigen. Bekannte Dateitypen, wie PDFs, Bilder und Textdateien, werden im Browser zum Betrachten ge\u00f6ffnet. Unbekannte Datentypen werden hingegen auf den Computer runter geladen.<\/li>\n\n\n\n<li>Wenn das Symbol schwarz ausgef\u00fcllt ist, wird dieser Ordner oder diese Datei mit Ihnen geteilt. Klicken Sie auf das Symbol, um selber Inhalte mit anderen Personen zu teilen.<\/li>\n\n\n\n<li>Hier sehen Sie, wer etwas mit Ihnen teilt. Fahren Sie mit dem Mauszeiger darauf und verharren Sie einen kurzen Moment. In einem Popup wird nun der Name der teilenden Person eingeblendet.<\/li>\n\n\n\n<li>\u00dcber die drei Punkte stehen weitere Aktionen f\u00fcr Sie zu Verf\u00fcgung<br><img decoding=\"async\" src=\"https:\/\/status.ruv-bkk.de:8443\/download\/attachments\/1638521\/image2018-12-12_7-44-18.png?version=1&amp;modificationDate=1599049133997&amp;api=v2&amp;effects=drop-shadow\" alt=\"\"><\/li>\n\n\n\n<li>Zeigt die Gr\u00f6\u00dfe einer Datei oder eines Ordners an.<\/li>\n\n\n\n<li>Gibt an, wann die letzte \u00c4nderung stattgefunden hat.<\/li>\n<\/ol>\n\n\n\n<h2 class=\"wp-block-heading\" id=\"ErsteSchritteinshare.bkkruv.de(Nextcloud)-DieSeitenleiste\">Die Seitenleiste<\/h2>\n\n\n\n<p>\u00dcber die Seitenleiste haben Sie Zugriff auf&nbsp;<em>&#8222;Gel\u00f6schte Dateien&#8220;.&nbsp;<\/em>Von Ihnen entfernte Dateien und Verzeichnisse werden in den Papierkorb verschoben, um sie bei Bedarf wieder herzustellen zu k\u00f6nnen. Nach Ablauf von&nbsp;<strong>30 Tagen<\/strong>&nbsp;werden Inhalte automatisch gel\u00f6scht.<\/p>\n\n\n\n<p>Direkt unter &#8222;Gel\u00f6schte Dateien&#8220; sehen Sie Ihr Datenkontingent und wie viel Sie davon bereits verbraucht haben.<\/p>\n\n\n\n<figure class=\"wp-block-image\"><img decoding=\"async\" src=\"https:\/\/status.ruv-bkk.de:8443\/download\/attachments\/1638521\/image2018-12-11_8-21-36.png?version=1&amp;modificationDate=1599049132528&amp;api=v2&amp;effects=drop-shadow\" alt=\"\"\/><\/figure>\n\n\n\n<h2 class=\"wp-block-heading\" id=\"ErsteSchritteinshare.bkkruv.de(Nextcloud)-DerDownloadvonDaten\">Der Download von Daten<\/h2>\n\n\n\n<p>Versehen Sie alle Dateien und Ordner, die Sie herunter laden m\u00f6chten, mit einem Haken.<\/p>\n\n\n\n<p>Klicken Sie auf&nbsp;<em>&#8222;Aktionen&#8220;<\/em>.<\/p>\n\n\n\n<p>W\u00e4hlen Sie&nbsp;<em>&#8222;Herunterladen&#8220;<\/em>&nbsp;aus, um den Vorgang zu starten.<\/p>\n\n\n\n<figure class=\"wp-block-image\"><img decoding=\"async\" src=\"https:\/\/status.ruv-bkk.de:8443\/download\/attachments\/1638521\/image2018-12-12_14-41-52.png?version=1&amp;modificationDate=1599049134459&amp;api=v2&amp;effects=drop-shadow\" alt=\"\"\/><\/figure>\n\n\n\n<h2 class=\"wp-block-heading\" id=\"ErsteSchritteinshare.bkkruv.de(Nextcloud)-DerUploadvonDaten\">Der Upload von Daten<\/h2>\n\n\n\n<p>Navigieren Sie zu der Stelle, an der Sie etwas hochladen m\u00f6chten.<\/p>\n\n\n\n<p>Klicken Sie auf das Plus-Symbol und w\u00e4hlen anschlie\u00dfend&nbsp;<em>&#8222;Datei hochladen&#8220;<\/em>&nbsp;aus.<img decoding=\"async\" src=\"https:\/\/status.ruv-bkk.de:8443\/download\/attachments\/1638521\/image2018-12-12_14-49-58.png?version=1&amp;modificationDate=1599049134565&amp;api=v2&amp;effects=drop-shadow\" alt=\"\"><\/p>\n\n\n\n<p>Betriebssystemabh\u00e4ngig \u00f6ffnet sich nun ein Dialog, in dem Sie eine oder mehrere Dateien ausw\u00e4hlen und den Upload starten k\u00f6nnen.<\/p>\n\n\n\n<h2 class=\"wp-block-heading\" id=\"ErsteSchritteinshare.bkkruv.de(Nextcloud)-Ordnererstellen\">Ordner erstellen<\/h2>\n\n\n\n<p>Navigieren Sie zu der Stelle, an der Sie einen Ordner erstellen m\u00f6chten.<\/p>\n\n\n\n<p>Klicken Sie auf das Plus-Symbol und w\u00e4hlen&nbsp;<em>&#8222;Neuer Ordner&#8220;<\/em>&nbsp;aus.<\/p>\n\n\n\n<figure class=\"wp-block-image\"><img decoding=\"async\" src=\"https:\/\/status.ruv-bkk.de:8443\/download\/attachments\/1638521\/image2018-12-12_14-50-34.png?version=1&amp;modificationDate=1599049134676&amp;api=v2&amp;effects=drop-shadow\" alt=\"\"\/><\/figure>\n\n\n\n<p>Geben Sie einen Ordnernamen ein und schlie\u00dfen Sie mit der Enter-Taste ab.<\/p>\n\n\n\n<figure class=\"wp-block-image\"><img decoding=\"async\" src=\"https:\/\/status.ruv-bkk.de:8443\/download\/attachments\/1638521\/image2018-12-12_15-10-59.png?version=1&amp;modificationDate=1599049134910&amp;api=v2&amp;effects=drop-shadow\" alt=\"\"\/><\/figure>\n\n\n\n<h2 class=\"wp-block-heading\" id=\"ErsteSchritteinshare.bkkruv.de(Nextcloud)-Datenl\u00f6schen\">Daten l\u00f6schen<\/h2>\n\n\n\n<p>Markieren Sie alle Dateien und Ordner, die gel\u00f6scht werden sollen, mit einem Haken.<\/p>\n\n\n\n<p>Klicken Sie auf&nbsp;<em>&#8222;Aktionen&#8220;<\/em>&nbsp;.<\/p>\n\n\n\n<p>W\u00e4hlen Sie&nbsp;<em>&#8222;L\u00f6schen&#8220;<\/em>&nbsp;aus.<\/p>\n\n\n\n<figure class=\"wp-block-image\"><img decoding=\"async\" src=\"https:\/\/status.ruv-bkk.de:8443\/download\/attachments\/1638521\/image2018-12-12_14-53-12.png?version=1&amp;modificationDate=1599049134813&amp;api=v2&amp;effects=drop-shadow\" alt=\"\"\/><\/figure>\n\n\n\n<p>Gel\u00f6schte Dateien werden in den Papierkorb verschoben &#8211; hier werden Daten 30 Tage aufbewahrt und k\u00f6nnen bei Bedarf wiederhergestellt werden. Danach werden sie automatisch unwiderruflich gel\u00f6scht!<\/p>\n\n\n\n<h2 class=\"wp-block-heading\" id=\"ErsteSchritteinshare.bkkruv.de(Nextcloud)-InundausVerzeichnissenavigieren\">In und aus Verzeichnisse navigieren<\/h2>\n\n\n\n<p>Um in einen Ordner zu wechseln, m\u00fcssen Sie lediglich auf den Ordnernamen klicken.<\/p>\n\n\n\n<figure class=\"wp-block-image\"><img decoding=\"async\" src=\"https:\/\/status.ruv-bkk.de:8443\/download\/attachments\/1638521\/image2018-12-14_9-15-26.png?version=1&amp;modificationDate=1599049135572&amp;api=v2&amp;effects=drop-shadow\" alt=\"\"\/><\/figure>\n\n\n\n<p>In welchem Verzeichnis Sie sich aktuell befinden, k\u00f6nnen Sie der Navigationsleiste entnehmen.<\/p>\n\n\n\n<figure class=\"wp-block-image\"><img decoding=\"async\" src=\"https:\/\/status.ruv-bkk.de:8443\/download\/attachments\/1638521\/image2018-12-13_11-12-9.png?version=1&amp;modificationDate=1599049135464&amp;api=v2&amp;effects=drop-shadow\" alt=\"\"\/><\/figure>\n\n\n\n<p>Im obigen Screenshot befinden wir uns im Ordner&nbsp;<em>&#8222;Autogenes Training&#8220;<\/em>. Wenn Sie in den \u00fcbergeordneten Ordner wechseln m\u00f6chten, klicken Sie bitte in der Navigationsleiste auf&nbsp;<em>&#8222;Gesundheitsworkshop&#8220;<\/em>.<\/p>\n\n\n\n<h1 class=\"wp-block-heading\" id=\"ErsteSchritteinshare.bkkruv.de(Nextcloud)-DerBereich&quot;Aktivit\u00e4t&quot;imDetail\">Der Bereich&nbsp;<em>&#8222;Aktivit\u00e4t&#8220;<\/em>&nbsp;im Detail<\/h1>\n\n\n\n<p>Aktivit\u00e4ten, wie das Hochladen einer Datei oder das Teilen eines Ordners, kann vom System protokolliert und hier angezeigt werden.<\/p>\n\n\n\n<figure class=\"wp-block-image\"><img decoding=\"async\" src=\"https:\/\/status.ruv-bkk.de:8443\/download\/attachments\/1638521\/image2018-12-13_11-11-47.png?version=1&amp;modificationDate=1599049135165&amp;api=v2&amp;effects=drop-shadow\" alt=\"\"\/><\/figure>\n\n\n\n<p>Was im Detail an Aktivit\u00e4ten aufgezeichnet wird, stellt jeder Anwender f\u00fcr sich individuell ein. Dazu sind nur wenige Schritte n\u00f6tig.<\/p>\n\n\n\n<p>Rechts oben auf Ihr Profilbild \/ Avatar klicken und die&nbsp;<em>&#8222;Einstellungen&#8220;<\/em>&nbsp;w\u00e4hlen.<img decoding=\"async\" src=\"https:\/\/status.ruv-bkk.de:8443\/download\/attachments\/1638521\/image2018-12-11_8-20-18.png?version=1&amp;modificationDate=1599049132322&amp;api=v2&amp;effects=drop-shadow\" alt=\"\"><\/p>\n\n\n\n<p>In der Seitenleiste&nbsp;<em>&#8222;Aktivit\u00e4t&#8220;<\/em>&nbsp;ausw\u00e4hlen.<\/p>\n\n\n\n<p>In der Spalte&nbsp;<em>&#8222;Stream&#8220;<\/em>&nbsp;nach Bedarf Haken setzen, um \u00fcber diese Vorg\u00e4nge informiert zu werden.<\/p>\n\n\n\n<figure class=\"wp-block-image\"><img decoding=\"async\" src=\"https:\/\/status.ruv-bkk.de:8443\/download\/attachments\/1638521\/image2018-12-11_8-23-0.png?version=1&amp;modificationDate=1599049132975&amp;api=v2&amp;effects=drop-shadow\" alt=\"\"\/><\/figure>\n\n\n\n<p>Es empfiehlt sich bei der Gelegenheit gleich die Email-Alarmierung zu konfigurieren. Bitte setzen Sie den Haken bei&nbsp;<em>&#8222;Eine Ank\u00fcndigung wurde durch einen Administrator versendet&#8220;<\/em>, damit Sie von Wartungsarbeiten rechtzeitig erfahren.<\/p>\n\n\n\n<h1 class=\"wp-block-heading\" id=\"ErsteSchritteinshare.bkkruv.de(Nextcloud)-DerBereich&quot;Ank\u00fcndigungen&quot;imDetail\">Der Bereich&nbsp;<em>&#8222;Ank\u00fcndigungen&#8220;<\/em>&nbsp;im Detail<\/h1>\n\n\n\n<p>Wenn Sie in den Bereich der Ank\u00fcndigungen navigieren, sehen Sie aktuelle Meldungen des Server-Administrators. Hier werden anstehende Wartungsarbeiten angek\u00fcndigt oder von neuen Funktionen berichtet, die durch ein Software-Update zur Verf\u00fcgung gestellt wurden.&nbsp;<\/p>\n\n\n\n<figure class=\"wp-block-image\"><img decoding=\"async\" src=\"https:\/\/status.ruv-bkk.de:8443\/download\/attachments\/1638521\/image2018-12-12_15-28-54.png?version=1&amp;modificationDate=1599049135032&amp;api=v2&amp;effects=drop-shadow\" alt=\"\"\/><\/figure>\n\n\n\n<p>Im Idealfall lassen Sie sich die Ank\u00fcndigungen auch per Mail schicken, damit Sie immer aktuelle Informationen erhalten. Die n\u00f6tige Konfiguration nehmen Sie unter&nbsp;<em>&#8222;Aktivit\u00e4t&#8220;<\/em>&nbsp;in den&nbsp;<em>&#8222;Einstellungen&#8220;<\/em>&nbsp;vor.<\/p>\n\n\n\n<h1 class=\"wp-block-heading\" id=\"ErsteSchritteinshare.bkkruv.de(Nextcloud)-Wasistsonstnochwichtig?\">Was ist sonst noch wichtig?<\/h1>\n\n\n\n<h2 class=\"wp-block-heading\" id=\"ErsteSchritteinshare.bkkruv.de(Nextcloud)-Passwort\u00e4ndern\">Passwort \u00e4ndern<\/h2>\n\n\n\n<p>Bitte klicken Sie rechts oben auf Ihr Profilbild \/ Avatar und w\u00e4hlen Sie&nbsp;<em>&#8222;Einstellungen&#8220;<\/em>&nbsp;aus.<\/p>\n\n\n\n<figure class=\"wp-block-image\"><img decoding=\"async\" src=\"https:\/\/status.ruv-bkk.de:8443\/download\/attachments\/1638521\/image2018-12-11_8-20-18.png?version=1&amp;modificationDate=1599049132322&amp;api=v2&amp;effects=drop-shadow\" alt=\"\"\/><\/figure>\n\n\n\n<p>Wechseln Sie \u00fcber die Seitenleiste auf&nbsp;<em>&#8222;Sicherheit&#8220;<\/em>.<\/p>\n\n\n\n<p>Geben Sie nun Ihr aktuelles und Ihr neues Kennwort ein und klicken Sie auf&nbsp;<em>&#8222;Passwort \u00e4ndern&#8220;<\/em>.<\/p>\n\n\n\n<figure class=\"wp-block-image\"><img decoding=\"async\" src=\"https:\/\/status.ruv-bkk.de:8443\/download\/attachments\/1638521\/image2018-12-11_8-22-39.png?version=1&amp;modificationDate=1599049132840&amp;api=v2&amp;effects=drop-shadow\" alt=\"\"\/><\/figure>\n\n\n\n<p><\/p>\n","protected":false},"excerpt":{"rendered":"<p>Die Filesharing-Plattform&nbsp;Nextcloud&nbsp;erm\u00f6glicht einen&nbsp;sicheren Datenaustausch gepaart mit einer&nbsp;leicht bedienbaren Nutzeroberfl\u00e4che. Die Anwendung wird \u00fcber die Adresse&nbsp;https:\/\/share.bkk-ruv.de&nbsp;aufgerufen. Erste Schritte Unmittelbar nachdem wir f\u00fcr Sie eine Kennung angelegt haben, erhalten Sie eine Email von uns. Darin informieren wir Sie \u00fcber Ihren k\u00fcnftigen Benutzernamen, mit dem Sie sich an dem Server zum Datenaustausch anmelden k\u00f6nnen. Nach Erhalt der Email &#8230; <a title=\"Erste Schritte in share.bkk-ruv.de (Nextcloud)\" class=\"read-more\" href=\"https:\/\/status.ruv-bkk.de\/?page_id=19\" aria-label=\"Mehr Informationen \u00fcber Erste Schritte in share.bkk-ruv.de (Nextcloud)\">Weiterlesen<\/a><\/p>\n","protected":false},"author":1,"featured_media":0,"parent":0,"menu_order":0,"comment_status":"closed","ping_status":"closed","template":"","meta":{"footnotes":""},"class_list":["post-19","page","type-page","status-publish"],"_links":{"self":[{"href":"https:\/\/status.ruv-bkk.de\/index.php?rest_route=\/wp\/v2\/pages\/19","targetHints":{"allow":["GET"]}}],"collection":[{"href":"https:\/\/status.ruv-bkk.de\/index.php?rest_route=\/wp\/v2\/pages"}],"about":[{"href":"https:\/\/status.ruv-bkk.de\/index.php?rest_route=\/wp\/v2\/types\/page"}],"author":[{"embeddable":true,"href":"https:\/\/status.ruv-bkk.de\/index.php?rest_route=\/wp\/v2\/users\/1"}],"replies":[{"embeddable":true,"href":"https:\/\/status.ruv-bkk.de\/index.php?rest_route=%2Fwp%2Fv2%2Fcomments&post=19"}],"version-history":[{"count":1,"href":"https:\/\/status.ruv-bkk.de\/index.php?rest_route=\/wp\/v2\/pages\/19\/revisions"}],"predecessor-version":[{"id":20,"href":"https:\/\/status.ruv-bkk.de\/index.php?rest_route=\/wp\/v2\/pages\/19\/revisions\/20"}],"wp:attachment":[{"href":"https:\/\/status.ruv-bkk.de\/index.php?rest_route=%2Fwp%2Fv2%2Fmedia&parent=19"}],"curies":[{"name":"wp","href":"https:\/\/api.w.org\/{rel}","templated":true}]}}